?
2
Let b be (-62 - -2)*2/(-6)*3. Suppose 8*w - 4*w = -b. Let i(k) = -3*k + 10. What is the units digit of i(w)?
5
Let a(j) = -119*j - 14. Suppose -s - 11 = 2*i, 3*i + 62 = -5*s - 0*i. Let y(v) = -4*v - 54. Let b be y(s). What is the tens digit of a(b)?
2
Suppose -5*n + 34365 = 2*o, 1 = 725*n - 724*n. What is the hundreds digit of o?
1
Let d = 0 - -4. Suppose 5*z - 5*a = 50, 5*a = -4*z + 6*a + 25. Suppose 381 = z*q + 4*s, 2*s + 309 = d*q + s. What is the tens digit of q?
7
Let u = -343 + 191. Suppose 5*z = -3*s - 1134, -5*z + 400 - 1522 = -s. Let j = u - z. What is the tens digit of j?
7
Let g = -226 - -229. Suppose g*r - 317 - 3958 = 0. What is the thousands digit of r?
1
Suppose 51*j - 758214 = -37*j - 26*j. What is the units digit of j?
1
Suppose 0 = 34*b + 18 - 86. Suppose -4*n + 8534 = -b*j, -33*n - 2*j + 10645 = -28*n. What is the hundreds digit of n?
1
Let a = 19434 - 3168. What is the thousands digit of a?
6
Suppose -24 = -3*l, 27*w - 5*l - 117465 = 22*w. What is the units digit of w?
1
Let b(a) = 19*a - 2 - 19*a**2 - 3 - 10*a**2 + 27*a**2. Let i be b(9). Suppose -i*l - 100 = -5*s - 477, 5*l - 3*s = 455. What is the units digit of l?
8
Suppose -3*u + 2*p = 786, 0*u + 5*p = 5*u + 1305. Let d = -89 - u. Suppose -5*n = 2*n - d. What is the tens digit of n?
2
Let y be 17/34 - (-6)/4. Suppose n - u - 131 = -0*n, 0 = 3*n - y*u - 391. What is the hundreds digit of n?
1
Let q be 48893/78 - (-1)/6. Suppose q + 258 = 3*n. What is the hundreds digit of n?
2
Let i(o) = 194*o**2 - 32*o - 291. What is the units digit of i(-6)?
5
Suppose 0 = -10*v - 15*v + 29275. Let m = 2203 - v. What is the hundreds digit of m?
0
What is the units digit of 1/(-4)*-162220*(-1)/(-5)?
1
Let v be (1 - 1)/((14 - 23)/(-9)). Let r = 1533 + v. What is the units digit of r?
3
Suppose -11*b = -27652 - 120452. What is the tens digit of b?
6
Let l(m) = -47*m - 28. Let s = -24 - -15. What is the units digit of l(s)?
5
What is the units digit of (-19702)/(-5) - (-18)/(-45)?
0
Let j(b) = -4614*b + 147. What is the hundreds digit of j(-8)?
0
Let u = 1054 + -724. What is the units digit of (-251)/5*u/(-22)?
3
Suppose -3*i = -2*y - 1219, 0*i + 2*i + 5*y - 800 = 0. Let t = -178 + i. Let d = t + -109. What is the units digit of d?
8
Suppose 0 = p - 4*m + 5, 5*p - 2*m - 21 - 8 = 0. Let y = p + -5. Suppose 2*r + y*h - 20 - 288 = 0, 466 = 3*r + h. What is the hundreds digit of r?
1
Let r(u) = 3*u - 16. Let p be r(6). Suppose m + p*f - 288 = 70, -f = m - 354. What is the units digit of m?
0
Suppose 5*z - 12 = 3. Suppose -z*w = -821 - 688. What is the units digit of w?
3
Suppose d + d - 312 = 0. Let z = -652 + 655. Suppose 2*y - 103 = n, d = z*y - 4*n + 3*n. What is the units digit of y?
3
Suppose -1848522 = -33*s - 45*s. What is the tens digit of s?
9
Suppose -26022 = 16*s - 74854. What is the hundreds digit of s?
0
Let x(u) = -u**2 + u + 44. Let c be x(0). Let t = c + 6. Let q = 99 - t. What is the tens digit of q?
4
Let f be (3 + -2)/(2/4). Let m = -1498 - -1501. Suppose m*p - 77 = -t, f*t + 81 = -4*p + 231. What is the tens digit of t?
7
Let w(n) = n**2 - 17*n + 42. Let g be w(13). Let f(i) = -i**3 - 8*i**2 - 12*i + 24. What is the tens digit of f(g)?
4
Suppose 10191 = z - 24*d + 25*d, 5*d = -z + 10187. What is the hundreds digit of z?
1
Let u(x) = -x**3 + 2*x**2 - 4*x + 4. Let s be u(3). Let z = -12 - s. Suppose -z*p = p - 348. What is the tens digit of p?
5
Let f(h) = 2210*h**2 + 189*h + 1036. What is the tens digit of f(-6)?
6
Suppose -m - 48763 = -5*x, 4*x - 3*m - 32513 = 6493. What is the tens digit of x?
5
Suppose -g - 3*x = -1431 - 838, 3*g = -3*x + 6819. Suppose -4*j = 9*j - g. What is the hundreds digit of j?
1
Let t = 23262 - 15550. What is the hundreds digit of t?
7
Let c be (-9)/(2511/(-414) - -6). Suppose 4*k = -4*y + 472, -c = -y + 5*k - 10*k. What is the tens digit of y?
1
Let r = -7422 - -24067. What is the hundreds digit of r?
6
Let j be (-8)/(-2)*(-7)/(140/(-25)). Suppose 4*q = 4*g - 2808, -j*g - 3*q + 3498 = -4*q. What is the hundreds digit of g?
6
Let b = 12219 - 11456. What is the units digit of b?
3
Suppose 60*l + 45 = 65*l. Suppose -222 = -l*j + 2172. What is the tens digit of j?
6
Let c(z) = -3*z**3 + 9*z**2 + 5*z + 21. Suppose l - 4 = 0, -3*h - 25*l - 6 = -22*l. What is the hundreds digit of c(h)?
9
Let l = -7498 - -28911. What is the hundreds digit of l?
4
Suppose -75 = 21*s + 30. Let h(b) be the second derivative of -b**5/10 - b**4/2 - b**3/3 + b**2 - 2*b. What is the hundreds digit of h(s)?
1
Suppose 20 = 4*f - 28. Suppose p - f = -4. Suppose -492 = -4*x + 4*v, 3*x + p*v - 4*v - 369 = 0. What is the units digit of x?
3
Let x = -20820 - -59475. What is the hundreds digit of x?
6
Let s be (1 + 10/(-4))*-2. Suppose 3 - 1 = 3*u - 2*v, -s*u = -5*v + 4. What is the units digit of (-6)/(u/(-16)*3)?
6
Suppose 2 = u, 0*u + 18 = 4*g + 3*u. Suppose 1525 = g*o - 2*p - 0*p, 0 = 4*o + 3*p - 2056. What is the units digit of o?
1
Let x(l) = -l**3 - 9*l**2 - 3*l + 4. Let n(f) be the second derivative of f**4/6 + 7*f**3/3 + 3*f**2/2 + 2*f. Let b be n(-6). What is the tens digit of x(b)?
3
Let q be 0 - ((-6)/(-2) - 5). Let y be (q + (-12)/3)*-2. Suppose -2*o - m + 466 = 0, -3*o = -y*m - 619 - 69. What is the tens digit of o?
3
What is the tens digit of (90/6 - (14 + -6)) + 4540?
4
What is the thousands digit of (1113/(-212))/(3/(-2860))?
5
Let z = 4 - 7. Let i(u) be the third derivative of -u**6/40 + u**5/60 + u**4/24 - u**3/3 - u**2 - 11. What is the tens digit of i(z)?
8
Suppose 64*j - 58*j = 54. What is the units digit of ((-4)/(-4) + j)*12 + 1?
1
Suppose 6752 = 4*a - 4*l, 0 = -4*a - 2*l + 3377 + 3363. Suppose 4*i - a = 862. What is the hundreds digit of i?
6
Let j(v) = -124*v**3 - 2*v**2 + 2*v + 3. Let g be (2/(-3))/(-5 - (-224)/42). What is the hundreds digit of j(g)?
9
Suppose 0 = -3*d - 3*d + 138. Suppose d = 4*y - 117. What is the units digit of y?
5
Let t be (-2 - 0)/((-11)/(8 - 19)). Let b(s) = -27*s**3 - 3*s - 4. What is the units digit of b(t)?
8
Suppose -31 = -8*c + 25. Suppose -1209 = -c*k + 3*k + 5*o, -5*o + 1199 = 4*k. What is the hundreds digit of k?
3
What is the tens digit of 9088*9*(-1)/(-18)?
4
Let j(x) = 21*x**2 - x - 2*x**2 + 0*x**3 + 3*x + x**3 + 41. Let t be j(-19). Suppose 3*u + 0*u = -i + 66, t*i - 2*u = 231. What is the units digit of i?
5
Let t(w) = w**3 - 16*w**2 + 28*w + 2. Let f be t(14). Suppose -10 + f = 2*b. What is the hundreds digit of -5 + (-552)/(-4) + b?
1
Let h = -1981 - -12060. What is the ten thousands digit of h?
1
Suppose -g + 2*g + 33 = 0. Suppose j = -2*p + 80, p - 156 = -2*j - 2*p. Let s = g + j. What is the units digit of s?
9
Suppose -7*k + 2734 = -66. Suppose -4*o - 5*y - 297 = -1077, -5*y + k = 2*o. What is the units digit of o?
0
What is the thousands digit of -9 + ((-36)/12 - -1999)?
1
Let u(j) = -j**3 + 10*j**2 - 6*j - 7. Let k be u(5). Let d be (-7 - -2)/(-10)*66. Suppose 5*r = k - d. What is the tens digit of r?
1
What is the hundreds digit of (-228)/12 + 221368/8?
6
Let h = 23 + -11. Let v(y) be the third derivative of 5*y**4/24 + 10*y**3/3 + 1142*y**2. What is the units digit of v(h)?
0
Suppose -639 = 201*n - 210*n. Suppose -n*q = -68*q - 1074. What is the hundreds digit of q?
3
What is the thousands digit of (-21)/14*112/21*-136?
1
Suppose -66 = 4*g - 74. Let f be ((-4)/(-6))/(1/(-24)). What is the tens digit of g + 88 + (-5)/(20/f)?
9
Let v = -21598 - -45148. What is the ten thousands digit of v?
2
Let y = 33 - 30. Let h be 1 - (-1 - 3) - y. Suppose -2*l + 72 = u, 0 = -h*u + 6*u. What is the units digit of l?
6
Let k(x) = -161*x. Let w(s) = -483*s + 1. Let z(j) = 7*k(j) - 2*w(j). Let h be z(1). What is the units digit of 0 - (3 + h + 1 + -2)?
1
Suppose 0 = 98*f + 97*f - 88725. What is the tens digit of f?
5
Suppose -4*b = -1080 - 1680. Let y = b + -601. What is the units digit of y?
9
Suppose -19*n + 121071 - 40150 = 0. What is the tens digit of n?
5
Let q(u) = 411*u - 8120. What is the units digit of q(24)?
4
Let o = -40 - -47. Let g(u) = 7*u + 2. Let a be g(o). Suppose 6*t = 7*t - a. What is the tens digit of t?
5
Suppose 0 = 579*a - 732*a + 2453202. What is the hundreds digit of a?
0
Suppose 11*u + 11675 = i + 9*u, 4*i = -3*u + 46766. What is the ten thousands digit of i?
1
Let o = 234 + -122. Let a = 208 - o